{"id":5554,"date":"2022-02-11T13:48:29","date_gmt":"2022-02-11T13:48:29","guid":{"rendered":"http:\/\/mrs-candle.com\/?post_type=product&#038;p=5554"},"modified":"2024-08-07T12:01:13","modified_gmt":"2024-08-07T12:01:13","slug":"adriatic-feige","status":"publish","type":"product","link":"https:\/\/mrs-candle.com\/index.php\/product\/adriatic-feige\/","title":{"rendered":"ADRIATIC FEIGE"},"content":{"rendered":"<p>Kopfnote: Gr\u00fcne Blumen, Gr\u00fcne Bl\u00e4tter, Ozon<br \/>\nHerznote: Feige, Jasmin<br \/>\nBasisnote: Heller Moschus, Holz, Moos<\/p>\n","protected":false},"excerpt":{"rendered":"<p>Kopfnote: Gr\u00fcne Blumen, Gr\u00fcne Bl\u00e4tter, Ozon Herznote: Feige, Jasmin Basisnote: Heller Moschus, Holz, Moos<\/p>\n","protected":false},"featured_media":5643,"comment_status":"open","ping_status":"closed","template":"","meta":[],"product_brand":[],"product_cat":[75],"product_tag":[],"class_list":{"0":"post-5554","1":"product","2":"type-product","3":"status-publish","4":"has-post-thumbnail","6":"product_cat-kerzen","8":"first","9":"instock","10":"shipping-taxable","11":"purchasable","12":"product-type-variable"},"_links":{"self":[{"href":"https:\/\/mrs-candle.com\/index.php\/wp-json\/wp\/v2\/product\/5554","targetHints":{"allow":["GET"]}}],"collection":[{"href":"https:\/\/mrs-candle.com\/index.php\/wp-json\/wp\/v2\/product"}],"about":[{"href":"https:\/\/mrs-candle.com\/index.php\/wp-json\/wp\/v2\/types\/product"}],"replies":[{"embeddable":true,"href":"https:\/\/mrs-candle.com\/index.php\/wp-json\/wp\/v2\/comments?post=5554"}],"wp:featuredmedia":[{"embeddable":true,"href":"https:\/\/mrs-candle.com\/index.php\/wp-json\/wp\/v2\/media\/5643"}],"wp:attachment":[{"href":"https:\/\/mrs-candle.com\/index.php\/wp-json\/wp\/v2\/media?parent=5554"}],"wp:term":[{"taxonomy":"product_brand","embeddable":true,"href":"https:\/\/mrs-candle.com\/index.php\/wp-json\/wp\/v2\/product_brand?post=5554"},{"taxonomy":"product_cat","embeddable":true,"href":"https:\/\/mrs-candle.com\/index.php\/wp-json\/wp\/v2\/product_cat?post=5554"},{"taxonomy":"product_tag","embeddable":true,"href":"https:\/\/mrs-candle.com\/index.php\/wp-json\/wp\/v2\/product_tag?post=5554"}],"curies":[{"name":"wp","href":"https:\/\/api.w.org\/{rel}","templated":true}]}}